-48. What is the units digit of i?
5
Let h(g) = -6*g + 3 - 4*g**3 + 3*g**3 - 4*g**2 + 0*g**2 - 2. Let y be h(-5). Suppose 2*t - y = 106. What is the units digit of t?
1
Suppose 4*m + 49 = 5*h - 42, -h - 5 = 5*m. Suppose -12*g + h*g = 675. What is the hundreds digit of g?
2
Suppose 5*q = 19*v - 15*v + 43, 0 = v + 2. What is the tens digit of 8*((-940)/70)/((-1)/q)?
5
Let l(g) = -2*g**3 - 2*g**2 + 2*g + 1. Let v = -128 + 126. Let n be l(v). What is the tens digit of 2432/20 + 2/n?
2
Let x = 5819 - -790. What is the tens digit of x?
0
Suppose 3*y - 22 = -z + 4, -z = -2*y + 24. What is the units digit of 79*(13/(-26))/((-1)/y)?
5
Let n(f) = f**3 + 9*f**2 - 7*f - 58. Let h be n(-9). Suppose -7*z - 6876 = -11*z + 5*k, -4*k + 8636 = h*z. What is the tens digit of z?
2
Let j(u) = -8*u - 5. Suppose -4*c = -2*c - 24. Let q = 8 - c. What is the units digit of j(q)?
7
Let s(d) be the first derivative of d**2/2 - 17*d - 16. Let g be s(13). What is the units digit of ((-34)/g + -3)*14?
7
Let m = 59 + -57. Let t be (1 + -2)/((m/13)/(-2)). Suppose -w + 12 = -t. What is the units digit of w?
5
Let g(d) be the third derivative of -d**6/120 + 4*d**5/15 + d**3/2 + 20*d**2. Let t be g(16). Suppose 3*c - 327 = t. What is the tens digit of c?
1
Let g = 101 + -87. Suppose -10760 = -g*t + 2708. What is the hundreds digit of t?
9
Suppose -6*z = 5*c - 7*z - 16, 4 = -4*z. Suppose c*i - 8 = 2*b, i + 4*b - 38 = -2*i. Suppose n = i*n - 985. What is the hundreds digit of n?
1
Suppose 186*n + 163*n - 14277939 = 0. What is the units digit of n?
1
Suppose -2134 = -8*a + 20266. Suppose -a - 360 = -10*k. What is the tens digit of k?
1
Let i(r) = 98*r**3 + r**2 + r - 1. Let g be i(1). Suppose -o = 3 - g. Let n = o + -38. What is the tens digit of n?
5
Let k(p) = p. Let t = 14 - 15. Let b(s) = 33*s + 30. Let h(j) = t*b(j) + 12*k(j). What is the units digit of h(-5)?
5
Let x be ((-2)/(-4))/(1/26). Let b be (-4)/26 - (-340)/x. Let y = 55 - b. What is the tens digit of y?
2
Suppose -3 = m - 8. Let y = -2 + m. Suppose -5*c + l = -390, y*l + 0*l = -5*c + 390. What is the units digit of c?
8
Suppose -3*g + 26 = -g. Suppose g*i = -0*i - 39. What is the units digit of i/(-15) - -1004*(-1)/(-5)?
1
Suppose -11231*o - 1141140 = -11246*o. What is the hundreds digit of o?
0
Suppose 6 = 4*b + 14. Let n(d) = -3*d**2 - 4*d - 5. Let w(m) = 7*m**2 + 7*m + 9. Let c(p) = 7*n(p) + 4*w(p). What is the tens digit of c(b)?
2
Let b(q) = 56*q + 19. Suppose -1 = 2*h - 5. Suppose -h*y = 3*a + 8, 3*y - a = 4*y + 2. What is the hundreds digit of b(y)?
1
Let i be ((-8)/(-3))/(9/(156600/16)). Let j = -1029 + i. What is the tens digit of j?
7
What is the units digit of 40/30*(-50733)/(-12)?
7
Let j(g) = -160 + 6*g + 6*g + g**3 + 162 - 13*g**2. Let f be j(12). Suppose 183 + 47 = f*v. What is the units digit of v?
5
Suppose r + 32799 = 4*k, 11929 = k + 5*r + 3745. What is the hundreds digit of k?
1
Let t(v) = -3521*v - 567. What is the ten thousands digit of t(-5)?
1
Let j(x) = -11*x - 160. Let m be j(-12). Let y(u) = -33*u - 196. What is the hundreds digit of y(m)?
7
What is the thousands digit of (-567)/(-756)*(-8696)/(-3)?
2
Let r = -9718 + 44780. What is the hundreds digit of r?
0
Let c be (-4)/(-48)*-3 + (-61)/(-4). Suppose 0 = -2*u + 7*u - c. Suppose 2*t + 5*g - 63 = 0, 3*t - 30 = u*g + 96. What is the tens digit of t?
3
Suppose 213*b - 113*b + 1352208 = 122*b. What is the ten thousands digit of b?
6
Let r(m) = m**2 + 10*m - 2. Let y be r(-11). Suppose y*o = 17*o - 1352. What is the tens digit of o?
6
Let o(h) = -2*h**2 - 4*h - 9. Let b be o(-6). Let q be 12/(b/12 + 4). Let z = q + 60. What is the tens digit of z?
4
Let y = 29 - 20. Let s(z) = -2*z - 4 - 10 + 3*z + z**2 + 0. What is the tens digit of s(y)?
7
Let k = 306 + 28. What is the hundreds digit of k?
3
Let b(n) = 20492*n**3 - n**2 + 9*n - 9. What is the units digit of b(1)?
1
What is the hundreds digit of (1130766/(-455))/(4/(-10))?
2
Suppose -15434 = 12*v - 102686. What is the thousands digit of v?
7
Let o = -55577 + 90771. What is the hundreds digit of o?
1
Let a be (-8)/4 - 7*-2*3. What is the units digit of ((-32)/(-10) + 0)/(a/8900)?
2
Suppose 127 = -3*j + 5*k - 22, -145 = 3*j - k. Let v = j + 44. What is the tens digit of (-2)/4*8*v/1?
1
Let h(s) = -3 + 3*s**3 - 4*s**2 - 37*s**2 + s - 14 - 1. What is the hundreds digit of h(14)?
1
Let v = -151 + 135. Let k be 1/2 - (24/v)/(-3). Suppose k = -8*o + 22*o - 1372. What is the units digit of o?
8
Suppose 0*q - 46 = u + 5*q, 4*q = 4*u + 112. Let j = 75 + u. Let z = j - 10. What is the units digit of z?
4
Let p be 5 - (8/(-4) - -4). Suppose h + 43 = p. Let j = h + 63. What is the units digit of j?
3
Suppose 26*a - 168 = 28*a. Let u be 24/(-16)*(a/9 - 0). Let q = 18 + u. What is the tens digit of q?
3
Suppose -4*h - 105646 = -2*b, 39436 = b + 3*h - 13392. What is the units digit of b?
5
Let p(c) = -47*c**3 + c**2 - 9*c - 131. What is the thousands digit of p(-6)?
0
Let g(r) = 195*r + 300. Let a be g(27). Suppose -2*d + 8*l + 567 = -1649, 5*l = -5*d + a. What is the thousands digit of d?
1
Let f(m) = 59*m**2 + 2*m - 2. Suppose 0 = -4*z - 2*z - 6. Let i be 6 - 4 - (-2 - -1)/z. What is the units digit of f(i)?
9
Let i(m) = m**2 + m + 8. Let c be i(-16). Suppose 130 = 2*g + 5*f - 20, -4*g + c = -3*f. What is the tens digit of g?
6
Let s(u) = -11*u**2 + u + 1999. What is the units digit of s(0)?
9
Let x = 171 + -261. What is the tens digit of (424/10)/((-814)/x - 9)?
5
Let d(b) = b**2 - 8*b - 13. Let w be d(7). What is the hundreds digit of 4/((-8)/13)*w?
1
Suppose -2*k - 2 + 8 = 0. What is the tens digit of 351 + (k - 9)*(6 - 5)?
4
Suppose -22558038 + 1708090 + 2470604 = -284*i. What is the tens digit of i?
1
Let s be (6/(-8))/((-2)/8). Suppose s*f = -m + 75, m + f - 80 = -3*f. Let h = m + 56. What is the hundreds digit of h?
1
Let w be (-3)/(-15) + (-28)/(-10). Let b(p) = 6*p**2 + 72*p. Let s be b(-12). Suppose s = 6*a - w*a - 27. What is the units digit of a?
9
Suppose 34*r - 37883 = 94071. What is the thousands digit of r?
3
Let x be (-127*1)/(7 + -6 + 0). Let b = x + 130. Suppose -z + 214 = -2*d - 101, 4*z - 1235 = b*d. What is the units digit of z?
5
Let d be (-16)/(-24) + (-45435)/(-9). Suppose 9*y = -2*y + d. What is the tens digit of y?
5
Suppose 4*z + 12 = z. Suppose -10*w = -8*w + 6, 5*j = 3*w + 39. What is the tens digit of (106*1/j)/(z/(-12))?
5
Let o be -24 - (51/(-119))/(3/(-14)). Let w(i) = i**2 + 5*i - 2. Let t be w(-6). What is the tens digit of ((-6)/(24/o))/(1/t)?
2
Let b(i) = 35*i - 1. Let h be b(2). Let a(w) = -16*w + 701. Let v be a(39). Let g = v + h. What is the units digit of g?
6
Suppose 0 = -65*w + 1392035 + 293285. What is the units digit of w?
8
Let u(f) = 909*f - 919. What is the units digit of u(12)?
9
What is the tens digit of 9/(-6)*90/27 + 6517?
1
Let k(t) = t**3 - t**2 + 2*t + 1. Let q be k(-2). Let g(j) = -2*j + 5*j - 10*j - 14. What is the units digit of g(q)?
1
Let a = -77 - -409. Let n = -141 + a. What is the tens digit of n?
9
Suppose 11*j = 24120 + 23532. What is the units digit of j?
2
Let z be 166/(-34) + (-34)/289. Let f(r) = 2*r**2 + 8*r - 10. Let c be f(z). Suppose 3*t + 87 = 5*p, 2*t + c*t + 23 = p. What is the tens digit of p?
1
Let q be ((-96)/(-40)*-3)/((-6)/1220). Let m = -807 + q. What is the tens digit of m?
5
Let n(q) be the second derivative of 11*q + 1/12*q**4 + 13/2*q**2 + 7/3*q**3 + 0. What is the units digit of n(-16)?
5
Suppose 0 = -25*s + 4 + 471. Let d(o) = o**3 - 3*o**2 + o - 2. Let l be d(3). What is the units digit of (s - 5)/(l/3)?
2
Let n(g) = 5*g**2 + 5*g + 2. Let c be n(-2). What is the hundreds digit of 20/(-6)*c/(-20) + 117?
1
Suppose -31*d - 371 - 1675 = 0. What is the units digit of 6/(-33) + (-11760)/d?
8
Suppose -5*k - 12 = 4*f, -f - 4*k - k = 18. Let b(l) = 41*l**2 + 22*l**f - 2*l + 1 + 2*l. What is the units digit of b(1)?
4
Suppose 5*a - 443*j - 198490 = -439*j, -39714 = -a + 4*j. What is the hundreds digit of a?
6
Suppose -512*j = -458*j - 1055970. What is the ten thousands digit of j?
1
Suppose 10 = -4*y + 18. Suppose 0 = 3*z + y*z + 115. Let u = z + 149. What is the tens digit of u?
2
Let d = -1458 + 3627. What is the thousands digit of d?
2
Let j be ((-20)/(-25))/(1/70). Let f(w) = -13*w - 27. Let a be f(-9). Suppose 2*t = 